{"id":618,"date":"2021-04-19T22:43:02","date_gmt":"2021-04-20T01:43:02","guid":{"rendered":"https:\/\/www.asperrevestimentos.com.br\/site\/?page_id=618"},"modified":"2026-04-14T16:28:49","modified_gmt":"2026-04-14T19:28:49","slug":"download","status":"publish","type":"page","link":"https:\/\/www.asperrevestimentos.com.br\/site\/download\/","title":{"rendered":"Download"},"content":{"rendered":"<p>[vc_row overlay_dotted=&#8221;&#8221; css=&#8221;.vc_custom_1619021602301{padding-top: 25px !important;}&#8221;][vc_column need_animation=&#8221;&#8221; offset=&#8221;vc_col-lg-6 vc_col-md-12 vc_col-xs-12&#8243; css=&#8221;.vc_custom_1551178124314{margin-bottom: 5% !important;}&#8221;][vc_single_image image=&#8221;3005&#8243; img_size=&#8221;full&#8221;][\/vc_column][vc_column need_animation=&#8221;&#8221; offset=&#8221;vc_col-lg-6 vc_col-md-12 vc_col-xs-12&#8243;]<div class=\"section-title-wrap  xrton-stitle-69e18938a1477-download caption-left no-need-bg   full-width\"><h2 class=\"section-title\">Download<\/h2><\/div>[vc_tta_accordion shape=&#8221;square&#8221; color=&#8221;white&#8221; c_icon=&#8221;&#8221; active_section=&#8221;0&#8243; no_fill=&#8221;true&#8221; collapsible_all=&#8221;true&#8221; el_class=&#8221;accordion&#8221;][vc_tta_section i_icon_fontawesome=&#8221;fas fa-arrow-right&#8221; add_icon=&#8221;true&#8221; title=&#8221;Cat\u00e1logo 2026&#8243; tab_id=&#8221;1618883303911-7710f444-3429&#8243; el_class=&#8221;accordion-tittle&#8221;]<div class=\"xrton-btns-group  xrton-btn-69e18938a14bc cpation-left button-one \"><a href=\"https:\/\/drive.google.com\/file\/d\/1_o5UgHwRZFCOB2DMGbcDzJ2hrRpSrHWF\/view\" class=\"xrton-btn \"><span class=\"xrton-btn-text\">Download<\/span><\/a><\/div>[\/vc_tta_section][vc_tta_section i_icon_fontawesome=&#8221;fas fa-arrow-right&#8221; add_icon=&#8221;true&#8221; title=&#8221;Cat\u00e1logo T\u00e9cnico&#8221; tab_id=&#8221;1618883774388-edae6a09-a45a&#8221;]<div class=\"xrton-btns-group  xrton-btn-69e18938a14d4 cpation-left button-one \"><a href=\"https:\/\/www.asperrevestimentos.com.br\/site\/wp-content\/uploads\/2025\/03\/Cata\u0301logo-Te\u0301cnico-2025.pdf\" class=\"xrton-btn \"><span class=\"xrton-btn-text\">Download<\/span><\/a><\/div>[\/vc_tta_section][vc_tta_section i_icon_fontawesome=&#8221;fas fa-arrow-right&#8221; add_icon=&#8221;true&#8221; title=&#8221;Manual de Instala\u00e7\u00e3o&#8221; tab_id=&#8221;1618883773916-235858ad-55fd&#8221;]<div class=\"xrton-btns-group  xrton-btn-69e18938a14e5 cpation-left button-one \"><a href=\"https:\/\/www.asperrevestimentos.com.br\/dw\/manual_instalacao_asper.pdf\" class=\"xrton-btn \"><span class=\"xrton-btn-text\">Download<\/span><\/a><\/div>[\/vc_tta_section][vc_tta_section i_icon_fontawesome=&#8221;fas fa-arrow-right&#8221; add_icon=&#8221;true&#8221; title=&#8221;Padr\u00f5es para Sketchup&#8221; tab_id=&#8221;1618883773488-501cfd7c-719f&#8221;]<div class=\"xrton-btns-group  xrton-btn-69e18938a14f5 cpation-left button-one \"><a href=\"https:\/\/www.asperrevestimentos.com.br\/dw\/sketchup\/bricks\/Linha Bricks.skp\" class=\"xrton-btn \"><span class=\"xrton-btn-text\">Linha Bricks<\/span><\/a><\/div><div class=\"xrton-btns-group  xrton-btn-69e18938a1503 cpation-left button-one \"><a href=\"https:\/\/www.asperrevestimentos.com.br\/dw\/sketchup\/erosion\/Linha Erosion.skp\" class=\"xrton-btn \"><span class=\"xrton-btn-text\">Linha Erosion<\/span><\/a><\/div><div class=\"xrton-btns-group  xrton-btn-69e18938a1511 cpation-left button-one \"><a href=\"https:\/\/www.asperrevestimentos.com.br\/dw\/sketchup\/island\/Linha Island.skp\" class=\"xrton-btn \"><span class=\"xrton-btn-text\">Linha Island<\/span><\/a><\/div><div class=\"xrton-btns-group  xrton-btn-69e18938a151f cpation-left button-one \"><a href=\"https:\/\/www.asperrevestimentos.com.br\/dw\/sketchup\/magma\/Linha Magma.skp\" class=\"xrton-btn \"><span class=\"xrton-btn-text\">Linha Magma<\/span><\/a><\/div><div class=\"xrton-btns-group  xrton-btn-69e18938a152b cpation-left button-one \"><a href=\"https:\/\/www.asperrevestimentos.com.br\/dw\/sketchup\/unique\/Linha Unique.skp\" class=\"xrton-btn \"><span class=\"xrton-btn-text\">Linha Unique<\/span><\/a><\/div><div class=\"xrton-btns-group  xrton-btn-69e18938a1538 cpation-left button-one \"><a href=\"https:\/\/www.asperrevestimentos.com.br\/dw\/sketchup\/move\/Linha Move.skp\" class=\"xrton-btn \"><span class=\"xrton-btn-text\">Linha Move<\/span><\/a><\/div><div class=\"xrton-btns-group  xrton-btn-69e18938a1545 cpation-left button-one \"><a href=\"https:\/\/www.asperrevestimentos.com.br\/dw\/sketchup\/eco\/Linha Eco.skp\" class=\"xrton-btn \"><span class=\"xrton-btn-text\">Linha Eco<\/span><\/a><\/div><div class=\"xrton-btns-group  xrton-btn-69e18938a1551 cpation-left button-one \"><a href=\"https:\/\/www.asperrevestimentos.com.br\/dw\/sketchup\/special\/SPECIALS.zip\" class=\"xrton-btn \"><span class=\"xrton-btn-text\">Linha Specials<\/span><\/a><\/div><div class=\"xrton-btns-group  xrton-btn-69e18938a155c cpation-left button-one \"><a href=\"https:\/\/www.asperrevestimentos.com.br\/dw\/sketchup\/outside\/OUTSIDE.zip\" class=\"xrton-btn \"><span class=\"xrton-btn-text\">Linha Outside<\/span><\/a><\/div>[\/vc_tta_section][\/vc_tta_accordion][\/vc_column][\/vc_row][vc_row full_width=&#8221;stretch_row&#8221; overlay_dotted=&#8221;&#8221;][vc_column]<div class=\"xrton-aboutus  xrton-aboutus-69e18938a1579\"><div class=\"container\"><div class=\"aboutus-wrap\"><div class=\"row align-items-center\"><div class=\"col-lg-6 order-lg-2\">\n                      <div class=\"about-image\">\n                        <img src=\"https:\/\/www.asperrevestimentos.com.br\/site\/wp-content\/uploads\/2025\/05\/kit-novo-2025-.png\" alt=\"About Us\">\n                      <\/div>\n                    <\/div>\n                    <div class=\"col-lg-6 order-lg-1\">\n                      <div class=\"about-info\">\n                        <div class=\"section-title-wrap section-title-style-two\">\n                          <h2 class=\"section-title\">Kit Profissional<\/h2>\n                        <\/div>\n                        <p>Indispon\u00edvel temporariamente!<\/p>    \n                      <\/div>\n                    <\/div><\/div><\/div><\/div><\/div>[\/vc_column][\/vc_row][vc_row full_width=&#8221;stretch_row&#8221; overlay_dotted=&#8221;&#8221;][vc_column]<div class=\"xrton-aboutus  xrton-aboutus-69e18938a1795\"><div class=\"container\"><div class=\"aboutus-wrap\"><div class=\"row align-items-center\"><div class=\"col-lg-6\">\n                      <div class=\"about-image\">\n                        <img src=\"https:\/\/www.asperrevestimentos.com.br\/site\/wp-content\/uploads\/2021\/04\/divulgue_projeto.jpg\" alt=\"About Us\">\n                      <\/div>\n                    <\/div>\n                    <div class=\"col-lg-6\">\n                      <div class=\"about-info\">\n                        <div class=\"section-title-wrap section-title-style-two\">\n                          <h2 class=\"section-title\">Divulgue o seu projeto<\/h2>\n                        <\/div>\n                        <p>Envie fotos e v\u00eddeos em alta qualidade dos ambientes criados por voc\u00ea com os nossos produtos para divulga\u00e7\u00e3o atrav\u00e9s de link compartilhado (Wetransfer, Icloud, Google Drive) para o email contato@asperrevestimentos.com.br<\/p>    \n                      <\/div>\n                    <\/div><\/div><\/div><\/div><\/div>[\/vc_column][\/vc_row]<\/p>\n","protected":false},"excerpt":{"rendered":"[vc_row overlay_dotted=&#8221;&#8221; css=&#8221;.vc_custom_1619021602301{padding-top: 25px !important;}&#8221;][vc_column need_animation=&#8221;&#8221; offset=&#8221;vc_col-lg-6 vc_col-md-12 vc_col-xs-12&#8243; css=&#8221;.vc_custom_1551178124314{margin-bottom: 5% !important;}&#8221;][vc_single_image image=&#8221;3005&#8243; img_size=&#8221;full&#8221;][\/vc_column][vc_column need_animation=&#8221;&#8221; offset=&#8221;vc_col-lg-6 vc_col-md-12 vc_col-xs-12&#8243;][vc_tta_accordion shape=&#8221;square&#8221; color=&#8221;white&#8221; c_icon=&#8221;&#8221; active_section=&#8221;0&#8243; no_fill=&#8221;true&#8221; collapsible_all=&#8221;true&#8221; el_class=&#8221;accordion&#8221;][vc_tta_section i_icon_fontawesome=&#8221;fas fa-arrow-right&#8221; add_icon=&#8221;true&#8221; title=&#8221;Cat\u00e1logo 2026&#8243; tab_id=&#8221;1618883303911-7710f444-3429&#8243; el_class=&#8221;accordion-tittle&#8221;][\/vc_tta_section][vc_tta_section i_icon_fontawesome=&#8221;fas fa-arrow-right&#8221; add_icon=&#8221;true&#8221; title=&#8221;Cat\u00e1logo T\u00e9cnico&#8221; tab_id=&#8221;1618883774388-edae6a09-a45a&#8221;][\/vc_tta_section][vc_tta_section i_icon_fontawesome=&#8221;fas fa-arrow-right&#8221; add_icon=&#8221;true&#8221; title=&#8221;Manual de Instala\u00e7\u00e3o&#8221; tab_id=&#8221;1618883773916-235858ad-55fd&#8221;][\/vc_tta_section][vc_tta_section i_icon_fontawesome=&#8221;fas fa-arrow-right&#8221; add_icon=&#8221;true&#8221; title=&#8221;Padr\u00f5es para Sketchup&#8221; tab_id=&#8221;1618883773488-501cfd7c-719f&#8221;][\/vc_tta_section][\/vc_tta_accordion][\/vc_column][\/vc_row][vc_row full_width=&#8221;stretch_row&#8221; overlay_dotted=&#8221;&#8221;][vc_column][\/vc_column][\/vc_row][vc_row full_width=&#8221;stretch_row&#8221; [&#8230;]","protected":false},"author":1,"featured_media":0,"parent":0,"menu_order":0,"comment_status":"closed","ping_status":"closed","template":"","meta":[],"_links":{"self":[{"href":"https:\/\/www.asperrevestimentos.com.br\/site\/wp-json\/wp\/v2\/pages\/618"}],"collection":[{"href":"https:\/\/www.asperrevestimentos.com.br\/site\/wp-json\/wp\/v2\/pages"}],"about":[{"href":"https:\/\/www.asperrevestimentos.com.br\/site\/wp-json\/wp\/v2\/types\/page"}],"author":[{"embeddable":true,"href":"https:\/\/www.asperrevestimentos.com.br\/site\/wp-json\/wp\/v2\/users\/1"}],"replies":[{"embeddable":true,"href":"https:\/\/www.asperrevestimentos.com.br\/site\/wp-json\/wp\/v2\/comments?post=618"}],"version-history":[{"count":50,"href":"https:\/\/www.asperrevestimentos.com.br\/site\/wp-json\/wp\/v2\/pages\/618\/revisions"}],"predecessor-version":[{"id":1759,"href":"https:\/\/www.asperrevestimentos.com.br\/site\/wp-json\/wp\/v2\/pages\/618\/revisions\/1759"}],"wp:attachment":[{"href":"https:\/\/www.asperrevestimentos.com.br\/site\/wp-json\/wp\/v2\/media?parent=618"}],"curies":[{"name":"wp","href":"https:\/\/api.w.org\/{rel}","templated":true}]}}